{"id":83,"date":"2020-09-29T21:23:12","date_gmt":"2020-09-30T02:23:12","guid":{"rendered":"https:\/\/zoeandzoe.com\/col\/?post_type=product&#038;p=83"},"modified":"2022-08-05T22:23:13","modified_gmt":"2022-08-06T03:23:13","slug":"100-plant-derives-squalane-the-ordinary-1-0-oz","status":"publish","type":"product","link":"https:\/\/zoeandzoe.com\/col\/producto\/100-plant-derives-squalane-the-ordinary-1-0-oz\/","title":{"rendered":"100% Plant &#8211; Derives Squalane The Ordinary 1.0 oz"},"content":{"rendered":"<p><span data-sheets-value=\"{&quot;1&quot;:2,&quot;2&quot;:&quot;El escualeno es un hidrocarburo que se encuentra en nuestra piel de forma natural. Su alta emoliencia lo hace un hidratante excepcional, previniendo la p\u00e9rdida de hidrataci\u00f3n que afecta a la elasticidad. Es un aceite no comedog\u00e9nico, y adecuado para utilizar en cualquier tipo de piel. Tambi\u00e9n se puede usar en el pelo como protector del calor, para conseguir un mayor brillo y para reducir la rotura capilar. El escualeno utilizado en este producto es 100% puro y aprobado por ECOCERT, y tiene una base biol\u00f3gica certificada por USDA. Ideal para tratar la deshidratacion. &quot;}\" data-sheets-userformat=\"{&quot;2&quot;:769,&quot;3&quot;:{&quot;1&quot;:0},&quot;11&quot;:4,&quot;12&quot;:0}\">El escualeno es un hidrocarburo que se encuentra en nuestra piel de forma natural. Su alta emoliencia lo hace un hidratante excepcional, previniendo la p\u00e9rdida de hidrataci\u00f3n que afecta a la elasticidad. Es un aceite no comedog\u00e9nico, y adecuado para utilizar en cualquier tipo de piel. Tambi\u00e9n se puede usar en el pelo como protector del calor, para conseguir un mayor brillo y para reducir la rotura capilar. El escualeno utilizado en este producto es 100% puro y aprobado por ECOCERT, y tiene una base biol\u00f3gica certificada por USDA. Ideal para tratar la deshidrataci\u00f3n. <\/span><\/p>\n","protected":false},"excerpt":{"rendered":"<p>El escualeno es un hidrocarburo que se encuentra en nuestra piel de forma natural. Su alta emoliencia lo hace un hidratante excepcional, previniendo la p\u00e9rdida de hidrataci\u00f3n que afecta a la elasticidad. Es un aceite no comedog\u00e9nico, y adecuado para utilizar en cualquier tipo de piel. Tambi\u00e9n se puede usar en el pelo como protector [&hellip;]<\/p>\n","protected":false},"featured_media":611,"template":"","meta":{"_et_pb_use_builder":"","_et_pb_old_content":"","_et_gb_content_width":""},"product_brand":[],"product_cat":[16,23],"product_tag":[],"class_list":{"0":"post-83","1":"product","2":"type-product","3":"status-publish","4":"has-post-thumbnail","6":"product_cat-cuidado-de-la-piel","7":"product_cat-hidratantes-y-tratamientos-faciales","9":"first","10":"outofstock","11":"taxable","12":"shipping-taxable","13":"purchasable","14":"product-type-simple"},"_links":{"self":[{"href":"https:\/\/zoeandzoe.com\/col\/wp-json\/wp\/v2\/product\/83","targetHints":{"allow":["GET"]}}],"collection":[{"href":"https:\/\/zoeandzoe.com\/col\/wp-json\/wp\/v2\/product"}],"about":[{"href":"https:\/\/zoeandzoe.com\/col\/wp-json\/wp\/v2\/types\/product"}],"wp:featuredmedia":[{"embeddable":true,"href":"https:\/\/zoeandzoe.com\/col\/wp-json\/wp\/v2\/media\/611"}],"wp:attachment":[{"href":"https:\/\/zoeandzoe.com\/col\/wp-json\/wp\/v2\/media?parent=83"}],"wp:term":[{"taxonomy":"product_brand","embeddable":true,"href":"https:\/\/zoeandzoe.com\/col\/wp-json\/wp\/v2\/product_brand?post=83"},{"taxonomy":"product_cat","embeddable":true,"href":"https:\/\/zoeandzoe.com\/col\/wp-json\/wp\/v2\/product_cat?post=83"},{"taxonomy":"product_tag","embeddable":true,"href":"https:\/\/zoeandzoe.com\/col\/wp-json\/wp\/v2\/product_tag?post=83"}],"curies":[{"name":"wp","href":"https:\/\/api.w.org\/{rel}","templated":true}]}}