{"id":3054,"date":"2023-06-11T03:25:23","date_gmt":"2023-06-11T08:25:23","guid":{"rendered":"https:\/\/zoeandzoe.com\/col\/?post_type=product&#038;p=3054"},"modified":"2023-06-11T03:25:24","modified_gmt":"2023-06-11T08:25:24","slug":"tonico-mario-badescu-con-aloe-manzanilla-y-lavanda-x-118-ml","status":"publish","type":"product","link":"https:\/\/zoeandzoe.com\/col\/producto\/tonico-mario-badescu-con-aloe-manzanilla-y-lavanda-x-118-ml\/","title":{"rendered":"TONICO MARIO BADESCU CON ALOE, MANZANILLA Y LAVANDA X 118 ML"},"content":{"rendered":"<p>Mario Badescu Spray facial con aloe, manzanilla y lavanda<br \/>\nRepone la piel con una infusi\u00f3n de agua bot\u00e1nica calmante y esencial de lavanda. Esta niebla facial proporciona un estimulante de hidrataci\u00f3n mientras que la vitamina C antioxidante combate los radicales libres del envejecimiento de la piel, dejando la piel equilibrada y brillante. Para darle a tu maquillaje un acabado roc\u00edo, roc\u00ede tu cepillo o esponja favorita antes de mezclar en base o corrector. Una vez que hayas terminado, niebla tu cara como un paso final para a\u00f1adir brillo. Para un refuerzo refrescante y refrescante, guarda la botella en tu refrigerador.<\/p>\n<p>Repone la piel con una infusi\u00f3n de bot\u00e1nicos calmantes y agua esencial de lavanda. Esta niebla facial ofrece un impulso relajante de hidrataci\u00f3n ya que la vitamina C antioxidante combate los radicales libres del envejecimiento de la piel, dejando la piel equilibrada y brillante.<\/p>\n<p>&nbsp;<\/p>\n","protected":false},"excerpt":{"rendered":"<p>Mario Badescu Spray facial con aloe, manzanilla y lavanda Repone la piel con una infusi\u00f3n de agua bot\u00e1nica calmante y esencial de lavanda. Esta niebla facial proporciona un estimulante de hidrataci\u00f3n mientras que la vitamina C antioxidante combate los radicales libres del envejecimiento de la piel, dejando la piel equilibrada y brillante. Para darle a [&hellip;]<\/p>\n","protected":false},"featured_media":3059,"template":"","meta":{"_et_pb_use_builder":"","_et_pb_old_content":"","_et_gb_content_width":""},"product_brand":[],"product_cat":[19,75,60,16,21,23],"product_tag":[109,102,110,108,107],"class_list":{"0":"post-3054","1":"product","2":"type-product","3":"status-publish","4":"has-post-thumbnail","6":"product_cat-maquillaje","7":"product_cat-fijadores","8":"product_cat-cuidados","9":"product_cat-cuidado-de-la-piel","10":"product_cat-tonicos","11":"product_cat-hidratantes-y-tratamientos-faciales","12":"product_tag-facial","13":"product_tag-mario-badescu","14":"product_tag-tienda-colombia","15":"product_tag-tonico-facial","16":"product_tag-tonico-mario-badescu","18":"first","19":"instock","20":"sale","21":"taxable","22":"shipping-taxable","23":"purchasable","24":"product-type-simple"},"_links":{"self":[{"href":"https:\/\/zoeandzoe.com\/col\/wp-json\/wp\/v2\/product\/3054","targetHints":{"allow":["GET"]}}],"collection":[{"href":"https:\/\/zoeandzoe.com\/col\/wp-json\/wp\/v2\/product"}],"about":[{"href":"https:\/\/zoeandzoe.com\/col\/wp-json\/wp\/v2\/types\/product"}],"wp:featuredmedia":[{"embeddable":true,"href":"https:\/\/zoeandzoe.com\/col\/wp-json\/wp\/v2\/media\/3059"}],"wp:attachment":[{"href":"https:\/\/zoeandzoe.com\/col\/wp-json\/wp\/v2\/media?parent=3054"}],"wp:term":[{"taxonomy":"product_brand","embeddable":true,"href":"https:\/\/zoeandzoe.com\/col\/wp-json\/wp\/v2\/product_brand?post=3054"},{"taxonomy":"product_cat","embeddable":true,"href":"https:\/\/zoeandzoe.com\/col\/wp-json\/wp\/v2\/product_cat?post=3054"},{"taxonomy":"product_tag","embeddable":true,"href":"https:\/\/zoeandzoe.com\/col\/wp-json\/wp\/v2\/product_tag?post=3054"}],"curies":[{"name":"wp","href":"https:\/\/api.w.org\/{rel}","templated":true}]}}