{"id":30,"date":"2020-09-28T19:06:46","date_gmt":"2020-09-29T00:06:46","guid":{"rendered":"https:\/\/zoeandzoe.com\/col\/?post_type=product&#038;p=30"},"modified":"2020-10-25T17:26:46","modified_gmt":"2020-10-25T22:26:46","slug":"exfoliante-manual-de-plastico","status":"publish","type":"product","link":"https:\/\/zoeandzoe.com\/col\/producto\/exfoliante-manual-de-plastico\/","title":{"rendered":"Exfoliante Manual de Silicona"},"content":{"rendered":"<p><span data-sheets-value=\"{&quot;1&quot;:2,&quot;2&quot;:&quot;Acompanalo con tu jabon de limpieza facial y realiza suaves masajes para ayudar a retirar las impurezas y excesos de maquillaje en tu piel. &quot;}\" data-sheets-userformat=\"{&quot;2&quot;:769,&quot;3&quot;:{&quot;1&quot;:0},&quot;11&quot;:4,&quot;12&quot;:0}\">Acomp\u00e1\u00f1<\/span><span data-sheets-value=\"{&quot;1&quot;:2,&quot;2&quot;:&quot;Acompanalo con tu jabon de limpieza facial y realiza suaves masajes para ayudar a retirar las impurezas y excesos de maquillaje en tu piel. &quot;}\" data-sheets-userformat=\"{&quot;2&quot;:769,&quot;3&quot;:{&quot;1&quot;:0},&quot;11&quot;:4,&quot;12&quot;:0}\">alo con tu jab\u00f3n de limpieza facial y realiza suaves masajes para ayudar a retirar las impurezas y excesos de maquillaje en tu piel. <\/span><\/p>\n","protected":false},"excerpt":{"rendered":"<p>Acomp\u00e1\u00f1alo con tu jab\u00f3n de limpieza facial y realiza suaves masajes para ayudar a retirar las impurezas y excesos de maquillaje en tu piel.<\/p>\n","protected":false},"featured_media":587,"template":"","meta":{"_et_pb_use_builder":"","_et_pb_old_content":"","_et_gb_content_width":""},"product_brand":[],"product_cat":[16,22],"product_tag":[],"class_list":{"0":"post-30","1":"product","2":"type-product","3":"status-publish","4":"has-post-thumbnail","6":"product_cat-cuidado-de-la-piel","7":"product_cat-exfoliantes-y-mascarillas","9":"first","10":"instock","11":"taxable","12":"shipping-taxable","13":"purchasable","14":"product-type-simple"},"_links":{"self":[{"href":"https:\/\/zoeandzoe.com\/col\/wp-json\/wp\/v2\/product\/30","targetHints":{"allow":["GET"]}}],"collection":[{"href":"https:\/\/zoeandzoe.com\/col\/wp-json\/wp\/v2\/product"}],"about":[{"href":"https:\/\/zoeandzoe.com\/col\/wp-json\/wp\/v2\/types\/product"}],"wp:featuredmedia":[{"embeddable":true,"href":"https:\/\/zoeandzoe.com\/col\/wp-json\/wp\/v2\/media\/587"}],"wp:attachment":[{"href":"https:\/\/zoeandzoe.com\/col\/wp-json\/wp\/v2\/media?parent=30"}],"wp:term":[{"taxonomy":"product_brand","embeddable":true,"href":"https:\/\/zoeandzoe.com\/col\/wp-json\/wp\/v2\/product_brand?post=30"},{"taxonomy":"product_cat","embeddable":true,"href":"https:\/\/zoeandzoe.com\/col\/wp-json\/wp\/v2\/product_cat?post=30"},{"taxonomy":"product_tag","embeddable":true,"href":"https:\/\/zoeandzoe.com\/col\/wp-json\/wp\/v2\/product_tag?post=30"}],"curies":[{"name":"wp","href":"https:\/\/api.w.org\/{rel}","templated":true}]}}