{"id":237,"date":"2020-09-30T13:29:37","date_gmt":"2020-09-30T18:29:37","guid":{"rendered":"https:\/\/zoeandzoe.com\/col\/?post_type=product&#038;p=237"},"modified":"2022-08-05T21:23:15","modified_gmt":"2022-08-06T02:23:15","slug":"corrector-make-up-revolution","status":"publish","type":"product","link":"https:\/\/zoeandzoe.com\/col\/producto\/corrector-make-up-revolution\/","title":{"rendered":"Corrector Make Up Revolution"},"content":{"rendered":"<p><span data-sheets-value=\"{&quot;1&quot;:2,&quot;2&quot;:&quot;Corrector de cobertura media alta ligero, cremoso y de facil manejo. No se asentara ni acentuara las lineas ni poros. Larga duracion. Vegano&quot;}\" data-sheets-userformat=\"{&quot;2&quot;:769,&quot;3&quot;:{&quot;1&quot;:0},&quot;11&quot;:4,&quot;12&quot;:0}\">Corrector de cobertura media-alta, ligero, cremoso y de f\u00e1cil manejo. No se asentar\u00e1 ni acentuar\u00e1 las lineas ni poros. Larga duraci\u00f3n. Corrector Vegano.<\/span><\/p>\n","protected":false},"excerpt":{"rendered":"<p>Corrector de cobertura media-alta, ligero, cremoso y de f\u00e1cil manejo. No se asentar\u00e1 ni acentuar\u00e1 las lineas ni poros. Larga duraci\u00f3n. Corrector Vegano.<\/p>\n","protected":false},"featured_media":1114,"template":"","meta":{"_et_pb_use_builder":"","_et_pb_old_content":"","_et_gb_content_width":""},"product_brand":[],"product_cat":[19,32,42],"product_tag":[],"class_list":{"0":"post-237","1":"product","2":"type-product","3":"status-publish","4":"has-post-thumbnail","6":"product_cat-maquillaje","7":"product_cat-rostro","8":"product_cat-correctores","10":"first","11":"instock","12":"taxable","13":"shipping-taxable","14":"purchasable","15":"product-type-variable"},"_links":{"self":[{"href":"https:\/\/zoeandzoe.com\/col\/wp-json\/wp\/v2\/product\/237","targetHints":{"allow":["GET"]}}],"collection":[{"href":"https:\/\/zoeandzoe.com\/col\/wp-json\/wp\/v2\/product"}],"about":[{"href":"https:\/\/zoeandzoe.com\/col\/wp-json\/wp\/v2\/types\/product"}],"wp:featuredmedia":[{"embeddable":true,"href":"https:\/\/zoeandzoe.com\/col\/wp-json\/wp\/v2\/media\/1114"}],"wp:attachment":[{"href":"https:\/\/zoeandzoe.com\/col\/wp-json\/wp\/v2\/media?parent=237"}],"wp:term":[{"taxonomy":"product_brand","embeddable":true,"href":"https:\/\/zoeandzoe.com\/col\/wp-json\/wp\/v2\/product_brand?post=237"},{"taxonomy":"product_cat","embeddable":true,"href":"https:\/\/zoeandzoe.com\/col\/wp-json\/wp\/v2\/product_cat?post=237"},{"taxonomy":"product_tag","embeddable":true,"href":"https:\/\/zoeandzoe.com\/col\/wp-json\/wp\/v2\/product_tag?post=237"}],"curies":[{"name":"wp","href":"https:\/\/api.w.org\/{rel}","templated":true}]}}