{"id":183,"date":"2020-09-30T12:11:55","date_gmt":"2020-09-30T17:11:55","guid":{"rendered":"https:\/\/zoeandzoe.com\/col\/?post_type=product&#038;p=183"},"modified":"2023-06-11T00:20:50","modified_gmt":"2023-06-11T05:20:50","slug":"primer-benefit-the-professional-0-25-oz","status":"publish","type":"product","link":"https:\/\/zoeandzoe.com\/col\/producto\/primer-benefit-the-professional-0-25-oz\/","title":{"rendered":"Primer Benefit The Porefessional 0.25 oz"},"content":{"rendered":"<p><span data-sheets-value=\"{&quot;1&quot;:2,&quot;2&quot;:&quot;Este primer para el rostro minimiza al instante la apariencia de poros y lineas de expresion para una piel lisa y suave. Contiene vitamina E. Reduce imperfecciones, ayuda a mantener tu maquillaje por mas tiempo, cobertura invisible, apto para todo tipo de piel. Lo amaras tanto como nosotras!!!&quot;}\" data-sheets-userformat=\"{&quot;2&quot;:6979,&quot;3&quot;:{&quot;1&quot;:0},&quot;4&quot;:{&quot;1&quot;:2,&quot;2&quot;:16777215},&quot;9&quot;:0,&quot;11&quot;:4,&quot;12&quot;:0,&quot;14&quot;:{&quot;1&quot;:2,&quot;2&quot;:0},&quot;15&quot;:&quot;Arial&quot;}\">Este primer para el rostro minimiza al instante la apariencia de poros y l\u00edneas de expresi\u00f3n para una piel lisa y suave. Contiene vitamina E. Reduce imperfecciones, ayuda a mantener tu maquillaje por m\u00e1s tiempo, cobertura invisible, apto para todo tipo de piel. Lo amar\u00e1s tanto como nosotras!!!<\/span><\/p>\n","protected":false},"excerpt":{"rendered":"<p>Este primer para el rostro minimiza al instante la apariencia de poros y l\u00edneas de expresi\u00f3n para una piel lisa y suave. Contiene vitamina E. Reduce imperfecciones, ayuda a mantener tu maquillaje por m\u00e1s tiempo, cobertura invisible, apto para todo tipo de piel. Lo amar\u00e1s tanto como nosotras!!!<\/p>\n","protected":false},"featured_media":783,"template":"","meta":{"_et_pb_use_builder":"","_et_pb_old_content":"","_et_gb_content_width":""},"product_brand":[],"product_cat":[19,32,39],"product_tag":[],"class_list":{"0":"post-183","1":"product","2":"type-product","3":"status-publish","4":"has-post-thumbnail","6":"product_cat-maquillaje","7":"product_cat-rostro","8":"product_cat-primers","10":"first","11":"instock","12":"taxable","13":"shipping-taxable","14":"purchasable","15":"product-type-simple"},"_links":{"self":[{"href":"https:\/\/zoeandzoe.com\/col\/wp-json\/wp\/v2\/product\/183","targetHints":{"allow":["GET"]}}],"collection":[{"href":"https:\/\/zoeandzoe.com\/col\/wp-json\/wp\/v2\/product"}],"about":[{"href":"https:\/\/zoeandzoe.com\/col\/wp-json\/wp\/v2\/types\/product"}],"wp:featuredmedia":[{"embeddable":true,"href":"https:\/\/zoeandzoe.com\/col\/wp-json\/wp\/v2\/media\/783"}],"wp:attachment":[{"href":"https:\/\/zoeandzoe.com\/col\/wp-json\/wp\/v2\/media?parent=183"}],"wp:term":[{"taxonomy":"product_brand","embeddable":true,"href":"https:\/\/zoeandzoe.com\/col\/wp-json\/wp\/v2\/product_brand?post=183"},{"taxonomy":"product_cat","embeddable":true,"href":"https:\/\/zoeandzoe.com\/col\/wp-json\/wp\/v2\/product_cat?post=183"},{"taxonomy":"product_tag","embeddable":true,"href":"https:\/\/zoeandzoe.com\/col\/wp-json\/wp\/v2\/product_tag?post=183"}],"curies":[{"name":"wp","href":"https:\/\/api.w.org\/{rel}","templated":true}]}}