{"id":154,"date":"2020-09-30T11:26:38","date_gmt":"2020-09-30T16:26:38","guid":{"rendered":"https:\/\/zoeandzoe.com\/col\/?post_type=product&#038;p=154"},"modified":"2022-08-05T21:47:45","modified_gmt":"2022-08-06T02:47:45","slug":"biotina-5-000-mcg-x-250-pastillas","status":"publish","type":"product","link":"https:\/\/zoeandzoe.com\/col\/producto\/biotina-5-000-mcg-x-250-pastillas\/","title":{"rendered":"Biotina Natrol 5.000 mcg x 250 Pastillas"},"content":{"rendered":"<p><span data-sheets-value=\"{&quot;1&quot;:2,&quot;2&quot;:&quot;Promueve el crecimiento y trata la caida del cabello, piel saludable y u;as. Ayuda a apoyar el metabolismo energetico, ayuda en convertir los alimentos en energia.&quot;}\" data-sheets-userformat=\"{&quot;2&quot;:769,&quot;3&quot;:{&quot;1&quot;:0},&quot;11&quot;:4,&quot;12&quot;:0}\">Promueve el crecimiento y trata la ca\u00edda del cabello, piel saludable y u\u00f1as. Ayuda a apoyar el metabolismo energ\u00e9tico, ayuda en convertir los alimentos en energ\u00eda.<\/span><\/p>\n","protected":false},"excerpt":{"rendered":"<p>Promueve el crecimiento y trata la ca\u00edda del cabello, piel saludable y u\u00f1as. Ayuda a apoyar el metabolismo energ\u00e9tico, ayuda en convertir los alimentos en energ\u00eda.<\/p>\n","protected":false},"featured_media":706,"template":"","meta":{"_et_pb_use_builder":"","_et_pb_old_content":"","_et_gb_content_width":""},"product_brand":[],"product_cat":[60,17,46,18,29],"product_tag":[],"class_list":{"0":"post-154","1":"product","2":"type-product","3":"status-publish","4":"has-post-thumbnail","6":"product_cat-cuidados","7":"product_cat-cuidado-capilar","8":"product_cat-vitaminas","9":"product_cat-cuidado-corporal","10":"product_cat-vitaminas-y-suplementos","12":"first","13":"instock","14":"taxable","15":"shipping-taxable","16":"purchasable","17":"product-type-simple"},"_links":{"self":[{"href":"https:\/\/zoeandzoe.com\/col\/wp-json\/wp\/v2\/product\/154","targetHints":{"allow":["GET"]}}],"collection":[{"href":"https:\/\/zoeandzoe.com\/col\/wp-json\/wp\/v2\/product"}],"about":[{"href":"https:\/\/zoeandzoe.com\/col\/wp-json\/wp\/v2\/types\/product"}],"wp:featuredmedia":[{"embeddable":true,"href":"https:\/\/zoeandzoe.com\/col\/wp-json\/wp\/v2\/media\/706"}],"wp:attachment":[{"href":"https:\/\/zoeandzoe.com\/col\/wp-json\/wp\/v2\/media?parent=154"}],"wp:term":[{"taxonomy":"product_brand","embeddable":true,"href":"https:\/\/zoeandzoe.com\/col\/wp-json\/wp\/v2\/product_brand?post=154"},{"taxonomy":"product_cat","embeddable":true,"href":"https:\/\/zoeandzoe.com\/col\/wp-json\/wp\/v2\/product_cat?post=154"},{"taxonomy":"product_tag","embeddable":true,"href":"https:\/\/zoeandzoe.com\/col\/wp-json\/wp\/v2\/product_tag?post=154"}],"curies":[{"name":"wp","href":"https:\/\/api.w.org\/{rel}","templated":true}]}}