{"id":144,"date":"2020-09-30T11:18:42","date_gmt":"2020-09-30T16:18:42","guid":{"rendered":"https:\/\/zoeandzoe.com\/col\/?post_type=product&#038;p=144"},"modified":"2023-06-11T00:23:19","modified_gmt":"2023-06-11T05:23:19","slug":"colageno-x-390-tabletas-6-000-mg-youtheory","status":"publish","type":"product","link":"https:\/\/zoeandzoe.com\/col\/producto\/colageno-x-390-tabletas-6-000-mg-youtheory\/","title":{"rendered":"Col\u00e1geno x 390 Tabletas 6.000 mg Youtheory"},"content":{"rendered":"<p><span data-sheets-value=\"{&quot;1&quot;:2,&quot;2&quot;:&quot;El col\u00e1geno es un suplemento alimenticio que se prepara principalmente a partir de huesos y de cart\u00edlago bovino, y es utilizado para promover la producci\u00f3n de col\u00e1geno en el organismo, ayudando a mejorar el aspecto de la piel y a fortalecer las articulaciones, las u\u00f1as, los huesos y el cabello.&quot;}\" data-sheets-userformat=\"{&quot;2&quot;:769,&quot;3&quot;:{&quot;1&quot;:0},&quot;11&quot;:4,&quot;12&quot;:0}\">El col\u00e1geno es un suplemento alimenticio que se prepara principalmente a partir de huesos y de cart\u00edlago bovino, y es utilizado para promover la producci\u00f3n de col\u00e1geno en el organismo, ayudando a mejorar el aspecto de la piel y a fortalecer las articulaciones, las u\u00f1as, los huesos y el cabello.<\/span><\/p>\n","protected":false},"excerpt":{"rendered":"<p>El col\u00e1geno es un suplemento alimenticio que se prepara principalmente a partir de huesos y de cart\u00edlago bovino, y es utilizado para promover la producci\u00f3n de col\u00e1geno en el organismo, ayudando a mejorar el aspecto de la piel y a fortalecer las articulaciones, las u\u00f1as, los huesos y el cabello.<\/p>\n","protected":false},"featured_media":627,"template":"","meta":{"_et_pb_use_builder":"","_et_pb_old_content":"","_et_gb_content_width":""},"product_brand":[],"product_cat":[60,17,46,18,29],"product_tag":[],"class_list":{"0":"post-144","1":"product","2":"type-product","3":"status-publish","4":"has-post-thumbnail","6":"product_cat-cuidados","7":"product_cat-cuidado-capilar","8":"product_cat-vitaminas","9":"product_cat-cuidado-corporal","10":"product_cat-vitaminas-y-suplementos","12":"first","13":"outofstock","14":"taxable","15":"shipping-taxable","16":"purchasable","17":"product-type-simple"},"_links":{"self":[{"href":"https:\/\/zoeandzoe.com\/col\/wp-json\/wp\/v2\/product\/144","targetHints":{"allow":["GET"]}}],"collection":[{"href":"https:\/\/zoeandzoe.com\/col\/wp-json\/wp\/v2\/product"}],"about":[{"href":"https:\/\/zoeandzoe.com\/col\/wp-json\/wp\/v2\/types\/product"}],"wp:featuredmedia":[{"embeddable":true,"href":"https:\/\/zoeandzoe.com\/col\/wp-json\/wp\/v2\/media\/627"}],"wp:attachment":[{"href":"https:\/\/zoeandzoe.com\/col\/wp-json\/wp\/v2\/media?parent=144"}],"wp:term":[{"taxonomy":"product_brand","embeddable":true,"href":"https:\/\/zoeandzoe.com\/col\/wp-json\/wp\/v2\/product_brand?post=144"},{"taxonomy":"product_cat","embeddable":true,"href":"https:\/\/zoeandzoe.com\/col\/wp-json\/wp\/v2\/product_cat?post=144"},{"taxonomy":"product_tag","embeddable":true,"href":"https:\/\/zoeandzoe.com\/col\/wp-json\/wp\/v2\/product_tag?post=144"}],"curies":[{"name":"wp","href":"https:\/\/api.w.org\/{rel}","templated":true}]}}