{"id":113,"date":"2020-09-29T23:34:02","date_gmt":"2020-09-30T04:34:02","guid":{"rendered":"https:\/\/zoeandzoe.com\/col\/?post_type=product&#038;p=113"},"modified":"2022-08-05T22:07:30","modified_gmt":"2022-08-06T03:07:30","slug":"amino-acids-b5-the-ordinary","status":"publish","type":"product","link":"https:\/\/zoeandzoe.com\/col\/producto\/amino-acids-b5-the-ordinary\/","title":{"rendered":"Amino Acids + B5 The Ordinary"},"content":{"rendered":"<p><span data-sheets-value=\"{&quot;1&quot;:2,&quot;2&quot;:&quot;Serum concentrado no graso que combina multiples antioxidantes y una alta concentracion de aminoacidos (17%) junto con un 5% de vitamina B5, es imprescindible para la estimulacion del colageno en la piel manteniendola saludable y equilibrada. Recomendada patra cualquier tipo de piel.&quot;}\" data-sheets-userformat=\"{&quot;2&quot;:771,&quot;3&quot;:{&quot;1&quot;:0},&quot;4&quot;:{&quot;1&quot;:2,&quot;2&quot;:16711680},&quot;11&quot;:4,&quot;12&quot;:0}\">Serum concentrado no graso que combina multiples antioxidantes y una alta concentraci\u00f3n de aminoacidos (17%) junto con un 5% de vitamina B5. Es imprescindible para la estimulaci\u00f3n del col\u00e1geno en la piel manteni\u00e9ndola saludable y equilibrada. Recomendada para cualquier tipo de piel.<\/span><\/p>\n","protected":false},"excerpt":{"rendered":"<p>Serum concentrado no graso que combina multiples antioxidantes y una alta concentraci\u00f3n de aminoacidos (17%) junto con un 5% de vitamina B5. Es imprescindible para la estimulaci\u00f3n del col\u00e1geno en la piel manteni\u00e9ndola saludable y equilibrada. Recomendada para cualquier tipo de piel.<\/p>\n","protected":false},"featured_media":1126,"template":"","meta":{"_et_pb_use_builder":"","_et_pb_old_content":"","_et_gb_content_width":""},"product_brand":[],"product_cat":[16,23],"product_tag":[],"class_list":{"0":"post-113","1":"product","2":"type-product","3":"status-publish","4":"has-post-thumbnail","6":"product_cat-cuidado-de-la-piel","7":"product_cat-hidratantes-y-tratamientos-faciales","9":"first","10":"instock","11":"taxable","12":"shipping-taxable","13":"purchasable","14":"product-type-simple"},"_links":{"self":[{"href":"https:\/\/zoeandzoe.com\/col\/wp-json\/wp\/v2\/product\/113","targetHints":{"allow":["GET"]}}],"collection":[{"href":"https:\/\/zoeandzoe.com\/col\/wp-json\/wp\/v2\/product"}],"about":[{"href":"https:\/\/zoeandzoe.com\/col\/wp-json\/wp\/v2\/types\/product"}],"wp:featuredmedia":[{"embeddable":true,"href":"https:\/\/zoeandzoe.com\/col\/wp-json\/wp\/v2\/media\/1126"}],"wp:attachment":[{"href":"https:\/\/zoeandzoe.com\/col\/wp-json\/wp\/v2\/media?parent=113"}],"wp:term":[{"taxonomy":"product_brand","embeddable":true,"href":"https:\/\/zoeandzoe.com\/col\/wp-json\/wp\/v2\/product_brand?post=113"},{"taxonomy":"product_cat","embeddable":true,"href":"https:\/\/zoeandzoe.com\/col\/wp-json\/wp\/v2\/product_cat?post=113"},{"taxonomy":"product_tag","embeddable":true,"href":"https:\/\/zoeandzoe.com\/col\/wp-json\/wp\/v2\/product_tag?post=113"}],"curies":[{"name":"wp","href":"https:\/\/api.w.org\/{rel}","templated":true}]}}