{"id":11,"date":"2020-09-24T16:02:43","date_gmt":"2020-09-24T21:02:43","guid":{"rendered":"https:\/\/zoeandzoe.com\/col\/?post_type=product&#038;p=11"},"modified":"2023-06-11T00:41:08","modified_gmt":"2023-06-11T05:41:08","slug":"agua-micelar-bioderma-sensibio-h2o-x-500-ml","status":"publish","type":"product","link":"https:\/\/zoeandzoe.com\/col\/producto\/agua-micelar-bioderma-sensibio-h2o-x-500-ml\/","title":{"rendered":"Agua Micelar Bioderma Sensibio H2O x 500 ml"},"content":{"rendered":"<p><span data-sheets-value=\"{&quot;1&quot;:2,&quot;2&quot;:&quot;Limpia,calma y desmaquilla en profundidad en un solo paso. Este producto est\u00e1 compuesto por micelas, que atraen la suciedad, el maquillaje o las impurezas para aportar una limpieza profunda sin da\u00f1ar la funci\u00f3n barrera de la piel. Recomendado dermatologicamente para piel sensible, normal y mixta.&quot;}\" data-sheets-userformat=\"{&quot;2&quot;:15107,&quot;3&quot;:{&quot;1&quot;:0},&quot;4&quot;:{&quot;1&quot;:2,&quot;2&quot;:16777215},&quot;11&quot;:4,&quot;12&quot;:0,&quot;14&quot;:{&quot;1&quot;:2,&quot;2&quot;:2633787},&quot;15&quot;:&quot;Arial&quot;,&quot;16&quot;:11}\">Limpia, calma y desmaquilla en profundidad en un solo paso. Este producto est\u00e1 compuesto por micelas que atraen la suciedad, el maquillaje o las impurezas para aportar una limpieza profunda sin da\u00f1ar la funci\u00f3n barrera de la piel. Recomendado dermatologicamente para piel sensible, normal y mixta.<\/span><\/p>\n","protected":false},"excerpt":{"rendered":"<p>Limpia, calma y desmaquilla en profundidad en un solo paso. Este producto est\u00e1 compuesto por micelas que atraen la suciedad, el maquillaje o las impurezas para aportar una limpieza profunda sin da\u00f1ar la funci\u00f3n barrera de la piel. Recomendado dermatologicamente para piel sensible, normal y mixta.<\/p>\n","protected":false},"featured_media":437,"template":"","meta":{"_et_pb_use_builder":"on","_et_pb_old_content":"<span data-sheets-value=\"{&quot;1&quot;:2,&quot;2&quot;:&quot;Limpia,calma y desmaquilla en profundidad en un solo paso. Este producto est\u00e1 compuesto por micelas, que atraen la suciedad, el maquillaje o las impurezas para aportar una limpieza profunda sin da\u00f1ar la funci\u00f3n barrera de la piel. Recomendado dermatologicamente para piel sensible, normal y mixta.&quot;}\" data-sheets-userformat=\"{&quot;2&quot;:15107,&quot;3&quot;:{&quot;1&quot;:0},&quot;4&quot;:{&quot;1&quot;:2,&quot;2&quot;:16777215},&quot;11&quot;:4,&quot;12&quot;:0,&quot;14&quot;:{&quot;1&quot;:2,&quot;2&quot;:2633787},&quot;15&quot;:&quot;Arial&quot;,&quot;16&quot;:11}\">Limpia, calma y desmaquilla en profundidad en un solo paso. Este producto est\u00e1 compuesto por micelas que atraen la suciedad, el maquillaje o las impurezas para aportar una limpieza profunda sin da\u00f1ar la funci\u00f3n barrera de la piel. Recomendado dermatologicamente para piel sensible, normal y mixta.<\/span>","_et_gb_content_width":""},"product_brand":[],"product_cat":[16,20],"product_tag":[],"class_list":{"0":"post-11","1":"product","2":"type-product","3":"status-publish","4":"has-post-thumbnail","6":"product_cat-cuidado-de-la-piel","7":"product_cat-limpiadores-y-desmaquillantes","9":"first","10":"instock","11":"sale","12":"taxable","13":"shipping-taxable","14":"purchasable","15":"product-type-simple"},"_links":{"self":[{"href":"https:\/\/zoeandzoe.com\/col\/wp-json\/wp\/v2\/product\/11","targetHints":{"allow":["GET"]}}],"collection":[{"href":"https:\/\/zoeandzoe.com\/col\/wp-json\/wp\/v2\/product"}],"about":[{"href":"https:\/\/zoeandzoe.com\/col\/wp-json\/wp\/v2\/types\/product"}],"wp:featuredmedia":[{"embeddable":true,"href":"https:\/\/zoeandzoe.com\/col\/wp-json\/wp\/v2\/media\/437"}],"wp:attachment":[{"href":"https:\/\/zoeandzoe.com\/col\/wp-json\/wp\/v2\/media?parent=11"}],"wp:term":[{"taxonomy":"product_brand","embeddable":true,"href":"https:\/\/zoeandzoe.com\/col\/wp-json\/wp\/v2\/product_brand?post=11"},{"taxonomy":"product_cat","embeddable":true,"href":"https:\/\/zoeandzoe.com\/col\/wp-json\/wp\/v2\/product_cat?post=11"},{"taxonomy":"product_tag","embeddable":true,"href":"https:\/\/zoeandzoe.com\/col\/wp-json\/wp\/v2\/product_tag?post=11"}],"curies":[{"name":"wp","href":"https:\/\/api.w.org\/{rel}","templated":true}]}}