{"id":102,"date":"2020-09-29T23:03:30","date_gmt":"2020-09-30T04:03:30","guid":{"rendered":"https:\/\/zoeandzoe.com\/col\/?post_type=product&#038;p=102"},"modified":"2023-06-11T00:25:30","modified_gmt":"2023-06-11T05:25:30","slug":"almohadilla-protectora-de-lactancia-en-tela-de-bambu-organico-x-14-unidades","status":"publish","type":"product","link":"https:\/\/zoeandzoe.com\/col\/producto\/almohadilla-protectora-de-lactancia-en-tela-de-bambu-organico-x-14-unidades\/","title":{"rendered":"Almohadilla Protectora de Lactancia en Tela de Bamb\u00fa Org\u00e1nico x 14 Unidades"},"content":{"rendered":"<p><span data-sheets-value=\"{&quot;1&quot;:2,&quot;2&quot;:&quot;Almohadilla disenada para proteger su ropa de mojarse con la leche materna. Son super absorventes, ultra suaves, reutilizables, organicos y respetuosos con el medio ambientede bambu natura. Es antibacteriano. Usalos infinitamente.&quot;}\" data-sheets-userformat=\"{&quot;2&quot;:769,&quot;3&quot;:{&quot;1&quot;:0},&quot;11&quot;:4,&quot;12&quot;:0}\">Almohadilla dise\u00f1ada para proteger tu ropa de mojarse con la leche materna. Son super absorbentes, ultra suaves, reutilizables, org\u00e1nicos y respetuosos con el medio ambiente de bamb\u00fa natura. Es antibacteriano. Usalos infinitamente.<\/span><\/p>\n","protected":false},"excerpt":{"rendered":"<p>Almohadilla dise\u00f1ada para proteger tu ropa de mojarse con la leche materna. Son super absorbentes, ultra suaves, reutilizables, org\u00e1nicos y respetuosos con el medio ambiente de bamb\u00fa natura. Es antibacteriano. Usalos infinitamente.<\/p>\n","protected":false},"featured_media":614,"template":"","meta":{"_et_pb_use_builder":"","_et_pb_old_content":"","_et_gb_content_width":""},"product_brand":[],"product_cat":[61,62,26],"product_tag":[],"class_list":{"0":"post-102","1":"product","2":"type-product","3":"status-publish","4":"has-post-thumbnail","6":"product_cat-mamitas","7":"product_cat-mama","8":"product_cat-lactancia-materna","10":"first","11":"outofstock","12":"taxable","13":"shipping-taxable","14":"purchasable","15":"product-type-simple"},"_links":{"self":[{"href":"https:\/\/zoeandzoe.com\/col\/wp-json\/wp\/v2\/product\/102","targetHints":{"allow":["GET"]}}],"collection":[{"href":"https:\/\/zoeandzoe.com\/col\/wp-json\/wp\/v2\/product"}],"about":[{"href":"https:\/\/zoeandzoe.com\/col\/wp-json\/wp\/v2\/types\/product"}],"wp:featuredmedia":[{"embeddable":true,"href":"https:\/\/zoeandzoe.com\/col\/wp-json\/wp\/v2\/media\/614"}],"wp:attachment":[{"href":"https:\/\/zoeandzoe.com\/col\/wp-json\/wp\/v2\/media?parent=102"}],"wp:term":[{"taxonomy":"product_brand","embeddable":true,"href":"https:\/\/zoeandzoe.com\/col\/wp-json\/wp\/v2\/product_brand?post=102"},{"taxonomy":"product_cat","embeddable":true,"href":"https:\/\/zoeandzoe.com\/col\/wp-json\/wp\/v2\/product_cat?post=102"},{"taxonomy":"product_tag","embeddable":true,"href":"https:\/\/zoeandzoe.com\/col\/wp-json\/wp\/v2\/product_tag?post=102"}],"curies":[{"name":"wp","href":"https:\/\/api.w.org\/{rel}","templated":true}]}}